{"id":4229,"date":"2017-08-17T18:24:46","date_gmt":"2017-08-17T18:24:46","guid":{"rendered":"https:\/\/kingprint.mx\/plataforma\/?post_type=product&#038;p=4229"},"modified":"2017-08-17T18:27:12","modified_gmt":"2017-08-17T18:27:12","slug":"host-negocio","status":"publish","type":"product","link":"https:\/\/kingprint.mx\/plataforma\/producto\/host-negocio\/","title":{"rendered":"HOST NEGOCIO"},"content":{"rendered":"<p><b>Powered by<\/b>:<i> DominioHost.mx,<\/i> Precios expresados en Pesos Mexicanos YA INCLUYEN IVA en todos los casos. Sujetos a cambios sin previo aviso. \u00bfDesea buscar la disponibilidad de dominios con m\u00e1s extensiones?<\/p>\n<p><b>\u00a1TENEMOS TODAS LAS TERMINACIONES DEL MUNDO DISPONIBLES! <\/b>Env\u00edenos desde nuestra secci\u00f3n de contacto o un email a contacto@kingprint.mx y con gusto le enviaremos las terminaciones que usted est\u00e1 buscando<\/p>\n","protected":false},"excerpt":{"rendered":"<div class=\"plan-header\">\n<div class=\"plan-header\">\n<div class=\"plan-header\">\n<div class=\"plan-header\">\n<p class=\"subtitle\"><big>Para: Empresas Grandes, Plataformas, Apps, E-commerce, Etc.<\/big><\/p>\n<\/div>\n<div class=\"plan-inside\">\n<ul>\n<li><strong>Almacenamiento<\/strong> Ilimitado<\/li>\n<li><strong>Transferencia<\/strong> Ilimitada<\/li>\n<li><strong>Ilimitados<\/strong> Dominios Alojados<\/li>\n<li><strong>Ilimitadas<\/strong> Cuentas de Correo<\/li>\n<li><strong>Acceso<\/strong> a cPanel<\/li>\n<li><strong>1<\/strong> Dominio .COM GRATIS<\/li>\n<\/ul>\n<\/div>\n<\/div>\n<\/div>\n<div class=\"plan-inside\"><\/div>\n<\/div>\n","protected":false},"featured_media":4224,"template":"","meta":{"_joinchat":[]},"product_brand":[],"product_cat":[210,105],"product_tag":[215,211,212,87,213],"class_list":{"0":"post-4229","1":"product","2":"type-product","3":"status-publish","4":"has-post-thumbnail","6":"product_cat-dominios-y-host","7":"product_cat-sitios-web","8":"product_tag-dominiohost-mx","9":"product_tag-host","10":"product_tag-hosting","11":"product_tag-negocio","12":"product_tag-servidor","14":"first","15":"instock","16":"shipping-taxable","17":"purchasable","18":"product-type-simple"},"yoast_head":"<!-- This site is optimized with the Yoast SEO plugin v27.0 - https:\/\/yoast.com\/product\/yoast-seo-wordpress\/ -->\n<title>HOST NEGOCIO - KingPrint<\/title>\n<meta name=\"robots\" content=\"index, follow, max-snippet:-1, max-image-preview:large, max-video-preview:-1\" \/>\n<link rel=\"canonical\" href=\"https:\/\/kingprint.mx\/plataforma\/producto\/host-negocio\/\" \/>\n<meta property=\"og:locale\" content=\"es_ES\" \/>\n<meta property=\"og:type\" content=\"article\" \/>\n<meta property=\"og:title\" content=\"HOST NEGOCIO - KingPrint\" \/>\n<meta property=\"og:description\" content=\"Para: Empresas Grandes, Plataformas, Apps, E-commerce, Etc.      Almacenamiento Ilimitado  Transferencia Ilimitada  Ilimitados Dominios Alojados  Ilimitadas Cuentas de Correo  Acceso a cPanel  1 Dominio .COM GRATIS\" \/>\n<meta property=\"og:url\" content=\"https:\/\/kingprint.mx\/plataforma\/producto\/host-negocio\/\" \/>\n<meta property=\"og:site_name\" content=\"KingPrint\" \/>\n<meta property=\"article:publisher\" content=\"https:\/\/www.facebook.com\/thekingprint\" \/>\n<meta property=\"article:modified_time\" content=\"2017-08-17T18:27:12+00:00\" \/>\n<meta property=\"og:image\" content=\"https:\/\/kingprint.mx\/plataforma\/wp-content\/uploads\/2017\/08\/Negocio.png\" \/>\n\t<meta property=\"og:image:width\" content=\"500\" \/>\n\t<meta property=\"og:image:height\" content=\"500\" \/>\n\t<meta property=\"og:image:type\" content=\"image\/png\" \/>\n<meta name=\"twitter:card\" content=\"summary_large_image\" \/>\n<meta name=\"twitter:site\" content=\"@KingPrintMex\" \/>\n<script type=\"application\/ld+json\" class=\"yoast-schema-graph\">{\"@context\":\"https:\/\/schema.org\",\"@graph\":[{\"@type\":\"WebPage\",\"@id\":\"https:\/\/kingprint.mx\/plataforma\/producto\/host-negocio\/\",\"url\":\"https:\/\/kingprint.mx\/plataforma\/producto\/host-negocio\/\",\"name\":\"HOST NEGOCIO - KingPrint\",\"isPartOf\":{\"@id\":\"https:\/\/kingprint.mx\/plataforma\/#website\"},\"primaryImageOfPage\":{\"@id\":\"https:\/\/kingprint.mx\/plataforma\/producto\/host-negocio\/#primaryimage\"},\"image\":{\"@id\":\"https:\/\/kingprint.mx\/plataforma\/producto\/host-negocio\/#primaryimage\"},\"thumbnailUrl\":\"https:\/\/kingprint.mx\/plataforma\/wp-content\/uploads\/2017\/08\/Negocio.png\",\"datePublished\":\"2017-08-17T18:24:46+00:00\",\"dateModified\":\"2017-08-17T18:27:12+00:00\",\"breadcrumb\":{\"@id\":\"https:\/\/kingprint.mx\/plataforma\/producto\/host-negocio\/#breadcrumb\"},\"inLanguage\":\"es\",\"potentialAction\":[{\"@type\":\"ReadAction\",\"target\":[\"https:\/\/kingprint.mx\/plataforma\/producto\/host-negocio\/\"]}]},{\"@type\":\"ImageObject\",\"inLanguage\":\"es\",\"@id\":\"https:\/\/kingprint.mx\/plataforma\/producto\/host-negocio\/#primaryimage\",\"url\":\"https:\/\/kingprint.mx\/plataforma\/wp-content\/uploads\/2017\/08\/Negocio.png\",\"contentUrl\":\"https:\/\/kingprint.mx\/plataforma\/wp-content\/uploads\/2017\/08\/Negocio.png\",\"width\":500,\"height\":500},{\"@type\":\"BreadcrumbList\",\"@id\":\"https:\/\/kingprint.mx\/plataforma\/producto\/host-negocio\/#breadcrumb\",\"itemListElement\":[{\"@type\":\"ListItem\",\"position\":1,\"name\":\"Portada\",\"item\":\"https:\/\/kingprint.mx\/plataforma\/\"},{\"@type\":\"ListItem\",\"position\":2,\"name\":\"Tienda\",\"item\":\"https:\/\/kingprint.mx\/plataforma\/tienda\/\"},{\"@type\":\"ListItem\",\"position\":3,\"name\":\"HOST NEGOCIO\"}]},{\"@type\":\"WebSite\",\"@id\":\"https:\/\/kingprint.mx\/plataforma\/#website\",\"url\":\"https:\/\/kingprint.mx\/plataforma\/\",\"name\":\"KingPrint\",\"description\":\"Especialistas en: Cajas, Empaques, Stickers, Vinil, Serigraf\u00eda, Offset, Textiles y M\u00e1s.\",\"publisher\":{\"@id\":\"https:\/\/kingprint.mx\/plataforma\/#organization\"},\"potentialAction\":[{\"@type\":\"SearchAction\",\"target\":{\"@type\":\"EntryPoint\",\"urlTemplate\":\"https:\/\/kingprint.mx\/plataforma\/?s={search_term_string}\"},\"query-input\":{\"@type\":\"PropertyValueSpecification\",\"valueRequired\":true,\"valueName\":\"search_term_string\"}}],\"inLanguage\":\"es\"},{\"@type\":\"Organization\",\"@id\":\"https:\/\/kingprint.mx\/plataforma\/#organization\",\"name\":\"KingPrint\",\"url\":\"https:\/\/kingprint.mx\/plataforma\/\",\"logo\":{\"@type\":\"ImageObject\",\"inLanguage\":\"es\",\"@id\":\"https:\/\/kingprint.mx\/plataforma\/#\/schema\/logo\/image\/\",\"url\":\"https:\/\/kingprint.mx\/plataforma\/wp-content\/uploads\/2019\/11\/logomaps.png\",\"contentUrl\":\"https:\/\/kingprint.mx\/plataforma\/wp-content\/uploads\/2019\/11\/logomaps.png\",\"width\":315,\"height\":315,\"caption\":\"KingPrint\"},\"image\":{\"@id\":\"https:\/\/kingprint.mx\/plataforma\/#\/schema\/logo\/image\/\"},\"sameAs\":[\"https:\/\/www.facebook.com\/thekingprint\",\"https:\/\/x.com\/KingPrintMex\",\"https:\/\/www.instagram.com\/kingprintmx\/\",\"https:\/\/www.pinterest.com.mx\/kingprintmx\/\",\"https:\/\/www.youtube.com\/channel\/UCFXL84sx-XMcb2te5YV7dKQ\"]}]}<\/script>\n<!-- \/ Yoast SEO plugin. -->","yoast_head_json":{"title":"HOST NEGOCIO - KingPrint","robots":{"index":"index","follow":"follow","max-snippet":"max-snippet:-1","max-image-preview":"max-image-preview:large","max-video-preview":"max-video-preview:-1"},"canonical":"https:\/\/kingprint.mx\/plataforma\/producto\/host-negocio\/","og_locale":"es_ES","og_type":"article","og_title":"HOST NEGOCIO - KingPrint","og_description":"Para: Empresas Grandes, Plataformas, Apps, E-commerce, Etc.      Almacenamiento Ilimitado  Transferencia Ilimitada  Ilimitados Dominios Alojados  Ilimitadas Cuentas de Correo  Acceso a cPanel  1 Dominio .COM GRATIS","og_url":"https:\/\/kingprint.mx\/plataforma\/producto\/host-negocio\/","og_site_name":"KingPrint","article_publisher":"https:\/\/www.facebook.com\/thekingprint","article_modified_time":"2017-08-17T18:27:12+00:00","og_image":[{"width":500,"height":500,"url":"https:\/\/kingprint.mx\/plataforma\/wp-content\/uploads\/2017\/08\/Negocio.png","type":"image\/png"}],"twitter_card":"summary_large_image","twitter_site":"@KingPrintMex","schema":{"@context":"https:\/\/schema.org","@graph":[{"@type":"WebPage","@id":"https:\/\/kingprint.mx\/plataforma\/producto\/host-negocio\/","url":"https:\/\/kingprint.mx\/plataforma\/producto\/host-negocio\/","name":"HOST NEGOCIO - KingPrint","isPartOf":{"@id":"https:\/\/kingprint.mx\/plataforma\/#website"},"primaryImageOfPage":{"@id":"https:\/\/kingprint.mx\/plataforma\/producto\/host-negocio\/#primaryimage"},"image":{"@id":"https:\/\/kingprint.mx\/plataforma\/producto\/host-negocio\/#primaryimage"},"thumbnailUrl":"https:\/\/kingprint.mx\/plataforma\/wp-content\/uploads\/2017\/08\/Negocio.png","datePublished":"2017-08-17T18:24:46+00:00","dateModified":"2017-08-17T18:27:12+00:00","breadcrumb":{"@id":"https:\/\/kingprint.mx\/plataforma\/producto\/host-negocio\/#breadcrumb"},"inLanguage":"es","potentialAction":[{"@type":"ReadAction","target":["https:\/\/kingprint.mx\/plataforma\/producto\/host-negocio\/"]}]},{"@type":"ImageObject","inLanguage":"es","@id":"https:\/\/kingprint.mx\/plataforma\/producto\/host-negocio\/#primaryimage","url":"https:\/\/kingprint.mx\/plataforma\/wp-content\/uploads\/2017\/08\/Negocio.png","contentUrl":"https:\/\/kingprint.mx\/plataforma\/wp-content\/uploads\/2017\/08\/Negocio.png","width":500,"height":500},{"@type":"BreadcrumbList","@id":"https:\/\/kingprint.mx\/plataforma\/producto\/host-negocio\/#breadcrumb","itemListElement":[{"@type":"ListItem","position":1,"name":"Portada","item":"https:\/\/kingprint.mx\/plataforma\/"},{"@type":"ListItem","position":2,"name":"Tienda","item":"https:\/\/kingprint.mx\/plataforma\/tienda\/"},{"@type":"ListItem","position":3,"name":"HOST NEGOCIO"}]},{"@type":"WebSite","@id":"https:\/\/kingprint.mx\/plataforma\/#website","url":"https:\/\/kingprint.mx\/plataforma\/","name":"KingPrint","description":"Especialistas en: Cajas, Empaques, Stickers, Vinil, Serigraf\u00eda, Offset, Textiles y M\u00e1s.","publisher":{"@id":"https:\/\/kingprint.mx\/plataforma\/#organization"},"potentialAction":[{"@type":"SearchAction","target":{"@type":"EntryPoint","urlTemplate":"https:\/\/kingprint.mx\/plataforma\/?s={search_term_string}"},"query-input":{"@type":"PropertyValueSpecification","valueRequired":true,"valueName":"search_term_string"}}],"inLanguage":"es"},{"@type":"Organization","@id":"https:\/\/kingprint.mx\/plataforma\/#organization","name":"KingPrint","url":"https:\/\/kingprint.mx\/plataforma\/","logo":{"@type":"ImageObject","inLanguage":"es","@id":"https:\/\/kingprint.mx\/plataforma\/#\/schema\/logo\/image\/","url":"https:\/\/kingprint.mx\/plataforma\/wp-content\/uploads\/2019\/11\/logomaps.png","contentUrl":"https:\/\/kingprint.mx\/plataforma\/wp-content\/uploads\/2019\/11\/logomaps.png","width":315,"height":315,"caption":"KingPrint"},"image":{"@id":"https:\/\/kingprint.mx\/plataforma\/#\/schema\/logo\/image\/"},"sameAs":["https:\/\/www.facebook.com\/thekingprint","https:\/\/x.com\/KingPrintMex","https:\/\/www.instagram.com\/kingprintmx\/","https:\/\/www.pinterest.com.mx\/kingprintmx\/","https:\/\/www.youtube.com\/channel\/UCFXL84sx-XMcb2te5YV7dKQ"]}]}},"_links":{"self":[{"href":"https:\/\/kingprint.mx\/plataforma\/wp-json\/wp\/v2\/product\/4229","targetHints":{"allow":["GET"]}}],"collection":[{"href":"https:\/\/kingprint.mx\/plataforma\/wp-json\/wp\/v2\/product"}],"about":[{"href":"https:\/\/kingprint.mx\/plataforma\/wp-json\/wp\/v2\/types\/product"}],"wp:featuredmedia":[{"embeddable":true,"href":"https:\/\/kingprint.mx\/plataforma\/wp-json\/wp\/v2\/media\/4224"}],"wp:attachment":[{"href":"https:\/\/kingprint.mx\/plataforma\/wp-json\/wp\/v2\/media?parent=4229"}],"wp:term":[{"taxonomy":"product_brand","embeddable":true,"href":"https:\/\/kingprint.mx\/plataforma\/wp-json\/wp\/v2\/product_brand?post=4229"},{"taxonomy":"product_cat","embeddable":true,"href":"https:\/\/kingprint.mx\/plataforma\/wp-json\/wp\/v2\/product_cat?post=4229"},{"taxonomy":"product_tag","embeddable":true,"href":"https:\/\/kingprint.mx\/plataforma\/wp-json\/wp\/v2\/product_tag?post=4229"}],"curies":[{"name":"wp","href":"https:\/\/api.w.org\/{rel}","templated":true}]}}