{"id":7899,"date":"2018-08-13T22:16:33","date_gmt":"2018-08-13T22:16:33","guid":{"rendered":"https:\/\/kingprint.mx\/plataforma\/?post_type=product&#038;p=7899"},"modified":"2025-11-06T04:51:08","modified_gmt":"2025-11-06T04:51:08","slug":"500-bolsa-de-papel-kraft-del-n2-con-impresion-a-1-tinta-2","status":"publish","type":"product","link":"https:\/\/kingprint.mx\/plataforma\/producto\/500-bolsa-de-papel-kraft-del-n2-con-impresion-a-1-tinta-2\/","title":{"rendered":"500 Bolsa de papel Kraft del N\u00b02 con impresi\u00f3n a 1 tinta"},"content":{"rendered":"<p><em><span style=\"color: #ff0000;\"><b>Tiempo de producci\u00f3n: 5\u00a0 a 7 d\u00edas h\u00e1biles.<\/b><\/span><\/em><\/p>\n<p><em><span style=\"color: #ff0000;\"><b>Precio basado en 500 unidades con el mismo dise\u00f1o.<\/b><\/span><\/em><\/p>\n<p><span style=\"color: #ff0000;\">\u00a0<\/span><\/p>\n<p>&nbsp;<\/p>\n","protected":false},"excerpt":{"rendered":"<ul>\n<li><strong>Medidas: 11 x 6 x 20 cm.<\/strong><\/li>\n<li><strong>N\u00b02<\/strong><\/li>\n<li><strong>Se entregan o env\u00edan en Paquete de 500 piezas<\/strong><\/li>\n<li><b>Impresi\u00f3n a 1 tinta por 1 lado con t\u00e9cnica de Serigraf\u00eda.<\/b><\/li>\n<\/ul>\n","protected":false},"featured_media":10639,"template":"","meta":{"_joinchat":[]},"product_brand":[],"product_cat":[350,389,451,351,450],"product_tag":[352,353,354,355,356],"class_list":{"0":"post-7899","1":"product","2":"type-product","3":"status-publish","4":"has-post-thumbnail","6":"product_cat-bolsas","7":"product_cat-complemento","8":"product_cat-con-impresion-bolsas","9":"product_cat-de-papel","10":"product_cat-paquete-de-500","11":"product_tag-bolsas","12":"product_tag-bolsas-de-papel","13":"product_tag-bolsas-de-papel-impresas","14":"product_tag-bolsas-de-papel-serigrafia","15":"product_tag-bolsas-serigrafia","17":"first","18":"instock","19":"shipping-taxable","20":"purchasable","21":"product-type-simple"},"yoast_head":"<!-- This site is optimized with the Yoast SEO plugin v27.0 - https:\/\/yoast.com\/product\/yoast-seo-wordpress\/ -->\n<title>500 Bolsa de papel Kraft del N\u00b02 con impresi\u00f3n a 1 tinta - KingPrint<\/title>\n<meta name=\"robots\" content=\"index, follow, max-snippet:-1, max-image-preview:large, max-video-preview:-1\" \/>\n<link rel=\"canonical\" href=\"https:\/\/kingprint.mx\/plataforma\/producto\/500-bolsa-de-papel-kraft-del-n2-con-impresion-a-1-tinta-2\/\" \/>\n<meta property=\"og:locale\" content=\"es_ES\" \/>\n<meta property=\"og:type\" content=\"article\" \/>\n<meta property=\"og:title\" content=\"500 Bolsa de papel Kraft del N\u00b02 con impresi\u00f3n a 1 tinta - KingPrint\" \/>\n<meta property=\"og:description\" content=\"Medidas: 11 x 6 x 20 cm.  N\u00b02  Se entregan o env\u00edan en Paquete de 500 piezas  Impresi\u00f3n a 1 tinta por 1 lado con t\u00e9cnica de Serigraf\u00eda.\" \/>\n<meta property=\"og:url\" content=\"https:\/\/kingprint.mx\/plataforma\/producto\/500-bolsa-de-papel-kraft-del-n2-con-impresion-a-1-tinta-2\/\" \/>\n<meta property=\"og:site_name\" content=\"KingPrint\" \/>\n<meta property=\"article:publisher\" content=\"https:\/\/www.facebook.com\/thekingprint\" \/>\n<meta property=\"article:modified_time\" content=\"2025-11-06T04:51:08+00:00\" \/>\n<meta property=\"og:image\" content=\"https:\/\/kingprint.mx\/plataforma\/wp-content\/uploads\/2018\/08\/2i.png\" \/>\n\t<meta property=\"og:image:width\" content=\"450\" \/>\n\t<meta property=\"og:image:height\" content=\"623\" \/>\n\t<meta property=\"og:image:type\" content=\"image\/png\" \/>\n<meta name=\"twitter:card\" content=\"summary_large_image\" \/>\n<meta name=\"twitter:site\" content=\"@KingPrintMex\" \/>\n<meta name=\"twitter:label1\" content=\"Tiempo de lectura\" \/>\n\t<meta name=\"twitter:data1\" content=\"1 minuto\" \/>\n<script type=\"application\/ld+json\" class=\"yoast-schema-graph\">{\"@context\":\"https:\/\/schema.org\",\"@graph\":[{\"@type\":\"WebPage\",\"@id\":\"https:\/\/kingprint.mx\/plataforma\/producto\/500-bolsa-de-papel-kraft-del-n2-con-impresion-a-1-tinta-2\/\",\"url\":\"https:\/\/kingprint.mx\/plataforma\/producto\/500-bolsa-de-papel-kraft-del-n2-con-impresion-a-1-tinta-2\/\",\"name\":\"500 Bolsa de papel Kraft del N\u00b02 con impresi\u00f3n a 1 tinta - KingPrint\",\"isPartOf\":{\"@id\":\"https:\/\/kingprint.mx\/plataforma\/#website\"},\"primaryImageOfPage\":{\"@id\":\"https:\/\/kingprint.mx\/plataforma\/producto\/500-bolsa-de-papel-kraft-del-n2-con-impresion-a-1-tinta-2\/#primaryimage\"},\"image\":{\"@id\":\"https:\/\/kingprint.mx\/plataforma\/producto\/500-bolsa-de-papel-kraft-del-n2-con-impresion-a-1-tinta-2\/#primaryimage\"},\"thumbnailUrl\":\"https:\/\/kingprint.mx\/plataforma\/wp-content\/uploads\/2018\/08\/2i.png\",\"datePublished\":\"2018-08-13T22:16:33+00:00\",\"dateModified\":\"2025-11-06T04:51:08+00:00\",\"breadcrumb\":{\"@id\":\"https:\/\/kingprint.mx\/plataforma\/producto\/500-bolsa-de-papel-kraft-del-n2-con-impresion-a-1-tinta-2\/#breadcrumb\"},\"inLanguage\":\"es\",\"potentialAction\":[{\"@type\":\"ReadAction\",\"target\":[\"https:\/\/kingprint.mx\/plataforma\/producto\/500-bolsa-de-papel-kraft-del-n2-con-impresion-a-1-tinta-2\/\"]}]},{\"@type\":\"ImageObject\",\"inLanguage\":\"es\",\"@id\":\"https:\/\/kingprint.mx\/plataforma\/producto\/500-bolsa-de-papel-kraft-del-n2-con-impresion-a-1-tinta-2\/#primaryimage\",\"url\":\"https:\/\/kingprint.mx\/plataforma\/wp-content\/uploads\/2018\/08\/2i.png\",\"contentUrl\":\"https:\/\/kingprint.mx\/plataforma\/wp-content\/uploads\/2018\/08\/2i.png\",\"width\":450,\"height\":623},{\"@type\":\"BreadcrumbList\",\"@id\":\"https:\/\/kingprint.mx\/plataforma\/producto\/500-bolsa-de-papel-kraft-del-n2-con-impresion-a-1-tinta-2\/#breadcrumb\",\"itemListElement\":[{\"@type\":\"ListItem\",\"position\":1,\"name\":\"Portada\",\"item\":\"https:\/\/kingprint.mx\/plataforma\/\"},{\"@type\":\"ListItem\",\"position\":2,\"name\":\"Tienda\",\"item\":\"https:\/\/kingprint.mx\/plataforma\/tienda\/\"},{\"@type\":\"ListItem\",\"position\":3,\"name\":\"500 Bolsa de papel Kraft del N\u00b02 con impresi\u00f3n a 1 tinta\"}]},{\"@type\":\"WebSite\",\"@id\":\"https:\/\/kingprint.mx\/plataforma\/#website\",\"url\":\"https:\/\/kingprint.mx\/plataforma\/\",\"name\":\"KingPrint\",\"description\":\"Especialistas en: Cajas, Empaques, Stickers, Vinil, Serigraf\u00eda, Offset, Textiles y M\u00e1s.\",\"publisher\":{\"@id\":\"https:\/\/kingprint.mx\/plataforma\/#organization\"},\"potentialAction\":[{\"@type\":\"SearchAction\",\"target\":{\"@type\":\"EntryPoint\",\"urlTemplate\":\"https:\/\/kingprint.mx\/plataforma\/?s={search_term_string}\"},\"query-input\":{\"@type\":\"PropertyValueSpecification\",\"valueRequired\":true,\"valueName\":\"search_term_string\"}}],\"inLanguage\":\"es\"},{\"@type\":\"Organization\",\"@id\":\"https:\/\/kingprint.mx\/plataforma\/#organization\",\"name\":\"KingPrint\",\"url\":\"https:\/\/kingprint.mx\/plataforma\/\",\"logo\":{\"@type\":\"ImageObject\",\"inLanguage\":\"es\",\"@id\":\"https:\/\/kingprint.mx\/plataforma\/#\/schema\/logo\/image\/\",\"url\":\"https:\/\/kingprint.mx\/plataforma\/wp-content\/uploads\/2019\/11\/logomaps.png\",\"contentUrl\":\"https:\/\/kingprint.mx\/plataforma\/wp-content\/uploads\/2019\/11\/logomaps.png\",\"width\":315,\"height\":315,\"caption\":\"KingPrint\"},\"image\":{\"@id\":\"https:\/\/kingprint.mx\/plataforma\/#\/schema\/logo\/image\/\"},\"sameAs\":[\"https:\/\/www.facebook.com\/thekingprint\",\"https:\/\/x.com\/KingPrintMex\",\"https:\/\/www.instagram.com\/kingprintmx\/\",\"https:\/\/www.pinterest.com.mx\/kingprintmx\/\",\"https:\/\/www.youtube.com\/channel\/UCFXL84sx-XMcb2te5YV7dKQ\"]}]}<\/script>\n<!-- \/ Yoast SEO plugin. -->","yoast_head_json":{"title":"500 Bolsa de papel Kraft del N\u00b02 con impresi\u00f3n a 1 tinta - KingPrint","robots":{"index":"index","follow":"follow","max-snippet":"max-snippet:-1","max-image-preview":"max-image-preview:large","max-video-preview":"max-video-preview:-1"},"canonical":"https:\/\/kingprint.mx\/plataforma\/producto\/500-bolsa-de-papel-kraft-del-n2-con-impresion-a-1-tinta-2\/","og_locale":"es_ES","og_type":"article","og_title":"500 Bolsa de papel Kraft del N\u00b02 con impresi\u00f3n a 1 tinta - KingPrint","og_description":"Medidas: 11 x 6 x 20 cm.  N\u00b02  Se entregan o env\u00edan en Paquete de 500 piezas  Impresi\u00f3n a 1 tinta por 1 lado con t\u00e9cnica de Serigraf\u00eda.","og_url":"https:\/\/kingprint.mx\/plataforma\/producto\/500-bolsa-de-papel-kraft-del-n2-con-impresion-a-1-tinta-2\/","og_site_name":"KingPrint","article_publisher":"https:\/\/www.facebook.com\/thekingprint","article_modified_time":"2025-11-06T04:51:08+00:00","og_image":[{"width":450,"height":623,"url":"https:\/\/kingprint.mx\/plataforma\/wp-content\/uploads\/2018\/08\/2i.png","type":"image\/png"}],"twitter_card":"summary_large_image","twitter_site":"@KingPrintMex","twitter_misc":{"Tiempo de lectura":"1 minuto"},"schema":{"@context":"https:\/\/schema.org","@graph":[{"@type":"WebPage","@id":"https:\/\/kingprint.mx\/plataforma\/producto\/500-bolsa-de-papel-kraft-del-n2-con-impresion-a-1-tinta-2\/","url":"https:\/\/kingprint.mx\/plataforma\/producto\/500-bolsa-de-papel-kraft-del-n2-con-impresion-a-1-tinta-2\/","name":"500 Bolsa de papel Kraft del N\u00b02 con impresi\u00f3n a 1 tinta - KingPrint","isPartOf":{"@id":"https:\/\/kingprint.mx\/plataforma\/#website"},"primaryImageOfPage":{"@id":"https:\/\/kingprint.mx\/plataforma\/producto\/500-bolsa-de-papel-kraft-del-n2-con-impresion-a-1-tinta-2\/#primaryimage"},"image":{"@id":"https:\/\/kingprint.mx\/plataforma\/producto\/500-bolsa-de-papel-kraft-del-n2-con-impresion-a-1-tinta-2\/#primaryimage"},"thumbnailUrl":"https:\/\/kingprint.mx\/plataforma\/wp-content\/uploads\/2018\/08\/2i.png","datePublished":"2018-08-13T22:16:33+00:00","dateModified":"2025-11-06T04:51:08+00:00","breadcrumb":{"@id":"https:\/\/kingprint.mx\/plataforma\/producto\/500-bolsa-de-papel-kraft-del-n2-con-impresion-a-1-tinta-2\/#breadcrumb"},"inLanguage":"es","potentialAction":[{"@type":"ReadAction","target":["https:\/\/kingprint.mx\/plataforma\/producto\/500-bolsa-de-papel-kraft-del-n2-con-impresion-a-1-tinta-2\/"]}]},{"@type":"ImageObject","inLanguage":"es","@id":"https:\/\/kingprint.mx\/plataforma\/producto\/500-bolsa-de-papel-kraft-del-n2-con-impresion-a-1-tinta-2\/#primaryimage","url":"https:\/\/kingprint.mx\/plataforma\/wp-content\/uploads\/2018\/08\/2i.png","contentUrl":"https:\/\/kingprint.mx\/plataforma\/wp-content\/uploads\/2018\/08\/2i.png","width":450,"height":623},{"@type":"BreadcrumbList","@id":"https:\/\/kingprint.mx\/plataforma\/producto\/500-bolsa-de-papel-kraft-del-n2-con-impresion-a-1-tinta-2\/#breadcrumb","itemListElement":[{"@type":"ListItem","position":1,"name":"Portada","item":"https:\/\/kingprint.mx\/plataforma\/"},{"@type":"ListItem","position":2,"name":"Tienda","item":"https:\/\/kingprint.mx\/plataforma\/tienda\/"},{"@type":"ListItem","position":3,"name":"500 Bolsa de papel Kraft del N\u00b02 con impresi\u00f3n a 1 tinta"}]},{"@type":"WebSite","@id":"https:\/\/kingprint.mx\/plataforma\/#website","url":"https:\/\/kingprint.mx\/plataforma\/","name":"KingPrint","description":"Especialistas en: Cajas, Empaques, Stickers, Vinil, Serigraf\u00eda, Offset, Textiles y M\u00e1s.","publisher":{"@id":"https:\/\/kingprint.mx\/plataforma\/#organization"},"potentialAction":[{"@type":"SearchAction","target":{"@type":"EntryPoint","urlTemplate":"https:\/\/kingprint.mx\/plataforma\/?s={search_term_string}"},"query-input":{"@type":"PropertyValueSpecification","valueRequired":true,"valueName":"search_term_string"}}],"inLanguage":"es"},{"@type":"Organization","@id":"https:\/\/kingprint.mx\/plataforma\/#organization","name":"KingPrint","url":"https:\/\/kingprint.mx\/plataforma\/","logo":{"@type":"ImageObject","inLanguage":"es","@id":"https:\/\/kingprint.mx\/plataforma\/#\/schema\/logo\/image\/","url":"https:\/\/kingprint.mx\/plataforma\/wp-content\/uploads\/2019\/11\/logomaps.png","contentUrl":"https:\/\/kingprint.mx\/plataforma\/wp-content\/uploads\/2019\/11\/logomaps.png","width":315,"height":315,"caption":"KingPrint"},"image":{"@id":"https:\/\/kingprint.mx\/plataforma\/#\/schema\/logo\/image\/"},"sameAs":["https:\/\/www.facebook.com\/thekingprint","https:\/\/x.com\/KingPrintMex","https:\/\/www.instagram.com\/kingprintmx\/","https:\/\/www.pinterest.com.mx\/kingprintmx\/","https:\/\/www.youtube.com\/channel\/UCFXL84sx-XMcb2te5YV7dKQ"]}]}},"_links":{"self":[{"href":"https:\/\/kingprint.mx\/plataforma\/wp-json\/wp\/v2\/product\/7899","targetHints":{"allow":["GET"]}}],"collection":[{"href":"https:\/\/kingprint.mx\/plataforma\/wp-json\/wp\/v2\/product"}],"about":[{"href":"https:\/\/kingprint.mx\/plataforma\/wp-json\/wp\/v2\/types\/product"}],"wp:featuredmedia":[{"embeddable":true,"href":"https:\/\/kingprint.mx\/plataforma\/wp-json\/wp\/v2\/media\/10639"}],"wp:attachment":[{"href":"https:\/\/kingprint.mx\/plataforma\/wp-json\/wp\/v2\/media?parent=7899"}],"wp:term":[{"taxonomy":"product_brand","embeddable":true,"href":"https:\/\/kingprint.mx\/plataforma\/wp-json\/wp\/v2\/product_brand?post=7899"},{"taxonomy":"product_cat","embeddable":true,"href":"https:\/\/kingprint.mx\/plataforma\/wp-json\/wp\/v2\/product_cat?post=7899"},{"taxonomy":"product_tag","embeddable":true,"href":"https:\/\/kingprint.mx\/plataforma\/wp-json\/wp\/v2\/product_tag?post=7899"}],"curies":[{"name":"wp","href":"https:\/\/api.w.org\/{rel}","templated":true}]}}